ivided by 3213?
3209
What is the remainder when 15843806 is divided by 12197?
12100
What is the remainder when 1529377 is divided by 509719?
220
What is the remainder when 203806 is divided by 1426?
1314
What is the remainder when 23622229 is divided by 2603?
4
What is the remainder when 550030 is divided by 274896?
238
Calculate the remainder when 1120389 is divided by 740.
29
What is the remainder when 16105 is divided by 555?
10
Calculate the remainder when 6919048 is divided by 884.
864
Calculate the remainder when 3205334 is divided by 175.
34
Calculate the remainder when 7172387 is divided by 972.
971
What is the remainder when 21982518 is divided by 41?
40
What is the remainder when 177305 is divided by 177187?
118
What is the remainder when 592129 is divided by 70?
69
Calculate the remainder when 62128 is divided by 250.
128
What is the remainder when 34261751 is divided by 5680?
5671
Calculate the remainder when 156111 is divided by 1606.
329
Calculate the remainder when 3971777 is divided by 282.
89
What is the remainder when 2381533 is divided by 32?
29
What is the remainder when 199793999 is divided by 1407?
1406
What is the remainder when 1938239 is divided by 249?
23
What is the remainder when 187496 is divided by 270?
116
Calculate the remainder when 743734 is divided by 634.
52
What is the remainder when 50570154 is divided by 913?
910
Calculate the remainder when 100894 is divided by 274.
62
Calculate the remainder when 7784 is divided by 6031.
1753
Calculate the remainder when 202939 is divided by 828.
79
Calculate the remainder when 87386 is divided by 9708.
14
Calculate the remainder when 72473729 is divided by 2499094.
3
Calculate the remainder when 56630 is divided by 9181.
1544
What is the remainder when 889665 is divided by 25?
15
Calculate the remainder when 2664018 is divided by 666000.
18
What is the remainder when 70255692 is divided by 7?
3
Calculate the remainder when 894213 is divided by 9154.
6275
Calculate the remainder when 11916011 is divided by 374.
371
What is the remainder when 387488 is divided by 40?
8
What is the remainder when 1007098 is divided by 36?
34
What is the remainder when 1366144 is divided by 227672?
112
Calculate the remainder when 4767571 is divided by 6696.
19
Calculate the remainder when 538098 is divided by 11687.
496
What is the remainder when 3302868 is divided by 113?
104
What is the remainder when 147373 is divided by 13393?
50
What is the remainder when 111177 is divided by 167?
122
Calculate the remainder when 67489249 is divided by 83320.
49
Calculate the remainder when 1188240 is divided by 1858.
978
Calculate the remainder when 253980 is divided by 280.
20
Calculate the remainder when 2293263 is divided by 3578.
3343
What is the remainder when 390767 is divided by 35?
27
Calculate the remainder when 8967 is divided by 5321.
3646
Calculate the remainder when 8037167 is divided by 81183.
50
What is the remainder when 389792506 is divided by 55684643?
5
What is the remainder when 73658156 is divided by 61?
46
Calculate the remainder when 18513 is divided by 4226.
1609
What is the remainder when 80402589 is divided by 751426?
7
What is the remainder when 19293 is divided by 262?
167
What is the remainder when 3539821 is divided by 49?
12
Calculate the remainder when 198319 is divided by 76.
35
What is the remainder when 126302 is divided by 125855?
447
Calculate the remainder when 4553889 is divided by 350284.
197
Calculate the remainder when 81530 is divided by 13452.
818
What is the remainder when 8387101 is divided by 334?
27
Calculate the remainder when 829342069 is divided by 4888.
4885
Calculate the remainder when 149222 is divided by 1350.
722
What is the remainder when 18207 is divided by 570?
537
Calculate the remainder when 2174514 is divided by 3502.
3274
What is the remainder when 157915 is divided by 276?
43
What is the remainder when 28393 is divided by 10402?
7589
Calculate the remainder when 244517 is divided by 244501.
16
What is the remainder when 85678 is divided by 14103?
1060
Calculate the remainder when 496950 is divided by 4434.
342
What is the remainder when 3511687 is divided by 39457?
14
What is the remainder when 239627 is divided by 404?
55
What is the remainder when 19852 is divided by 3302?
40
Calculate the remainder when 34328 is divided by 2249.
593
What is the remainder when 9950233 is divided by 115700?
33
Calculate the remainder when 42802616 is divided by 4273.
4248
What is the remainder when 701298020 is divided by 523?
521
What is the remainder when 867847 is divided by 11713?
1085
What is the remainder when 4630 is divided by 1043?
458
What is the remainder when 2254555 is divided by 30?
25
What is the remainder when 1399156 is divided by 465622?
2290
What is the remainder when 1767837 is divided by 12?
9
Calculate the remainder when 586234 is divided by 1645.
614
Calculate the remainder when 3004491 is divided by 1502132.
227
Calculate the remainder when 215238 is divided by 7681.
170
What is the remainder when 1544261 is divided by 127?
68
Calculate the remainder when 854868 is divided by 480.
468
What is the remainder when 5395960 is divided by 2697967?
26
What is the remainder when 91616658 is divided by 860?
858
What is the remainder when 352081 is divided by 4949?
702
What is the remainder when 1248263891 is divided by 786?
785
What is the remainder when 3680390 is divided by 47?
8
Calculate the remainder when 39025440 is divided by 127.
118
Calculate the remainder when 775647 is divided by 2894.
55
Calculate the remainder when 262525 is divided by 262523.
2
What is the remainder when 1100322 is divided by 550159?
4
What is the remainder when 5638569 is divided by 939702?
357
Calculate the remainder when 384426 is divided by 172.
6
What is the remainder when 93621 is divided by 3081?
1191
Calculate the remainder when 245316 is divided by 35044.
8
What is the remainder when 11374221 is divided by 469?
33
What is the remainder when 1032855 is divided by 19836?
1383
Calculate the remainder when 84950423 is divided by 347.
312
What is the remainder when 3700766 is divided by 164?
106
What is the remainder when 269538595 is divided by 101?
97
What is the remainder when 2404719 is divided by 4858?
9
What is the remainder when 436879 is divided by 33557?
638
Calculate the remainder when 80792021 is divided by 41032.
13
What is the remainder when 22506 is divided by 1494?
96
Calculate the remainder when 33101 is divided by 16517.
67
What is the remainder when 127988 is divided by 7445?
1423
Calculate the remainder when 3424315 is divided by 4871.
2
Calculate the remainder when 53336434 is divided by 4554.
4540
What is the remainder when 14384518 is divided by 1149?
187
Calculate the remainder when 23225 is divided by 7179.
1688
What is the remainder when 5622492 is divided by 1509?
1467
What is the remainder when 73908765 is divided by 625?
15
Calculate the remainder when 805582 is divided by 955.
517
Calculate the remainder when 61401 is divided by 8762.
67
Calculate the remainder when 865424 is divided by 1219.
1153
Calculate the remainder when 2110462 is divided by 85.
82
Calculate the remainder when 11222621 is divided by 11222599.
22
Calculate the remainder when 278650431 is divided by 9177.
3
What is the remainder when 25386580 is divided by 2260?
0
What is the remainder when 4790584 is divided by 44?
40
Calculate the remainder when 21900396 is divided by 7300121.
33
What is the remainder when 9486137 is divided by 193?
187
What is the remainder when 72302 is divided by 69073?
3229
What is the remainder when 215181 is divided by 41100?
9681
What is the remainder when 29773 is divided by 28276?
1497
Calculate the remainder when 4719750 is divided by 19.
17
What is the remainder when 2056566 is divided by 246?
6
What is the remainder when 525258786 is divided by 24?
18
Calculate the remainder when 56557 is divided by 161.
46
What is the remainder when 388786 is divided by 5808?
5458
What is the remainder when 415522 is divided by 415499?
23
What is the remainder when 50935 is divided by 8443?
277
Calculate the remainder when 372628652 is divided by 146.
6
What is the remainder when 3597004 is divided by 33000?
4
What is the remainder wh